{"id":6718,"date":"2021-11-10T20:27:06","date_gmt":"2021-11-10T23:27:06","guid":{"rendered":"https:\/\/ipselectronica.cl\/web\/producto\/rele-undecal-11p-10a-24vdc-mks3pi5dc24\/"},"modified":"2024-05-16T18:14:51","modified_gmt":"2024-05-16T21:14:51","slug":"rele-undecal-11p-10a-24vdc-mks3pi5dc24","status":"publish","type":"product","link":"https:\/\/ipselectronica.cl\/web\/producto\/rele-undecal-11p-10a-24vdc-mks3pi5dc24\/","title":{"rendered":"Rel\u00e9 3PDT Undecal 11P. 10A. 24VDC MKS3PI5 DC24"},"content":{"rendered":"<h4 class=\"card-component-module_title__bVV1D \"><strong>Especificaciones<\/strong><\/h4>\n<div class=\"product-detail-page-component_spec-list__r_evK \">\n<div class=\"product-detail-page-component_spec__2he5t\">\n<p class=\"snippet product-detail-page-component_label__3S-Gu\">Brand:\u00a0Omron<\/p>\n<\/div>\n<div class=\"product-detail-page-component_spec__2he5t\">\n<p class=\"snippet product-detail-page-component_label__3S-Gu\">Tensi\u00f3n de la Bobina:\u00a024 Vdc<\/p>\n<\/div>\n<div class=\"product-detail-page-component_spec__2he5t\">\n<p class=\"snippet product-detail-page-component_label__3S-Gu\">Resistencia de bobina:\u00a0430 \u03a9<\/p>\n<\/div>\n<div class=\"product-detail-page-component_spec__2he5t\">\n<p class=\"snippet product-detail-page-component_label__3S-Gu\">Configuraci\u00f3n del Contacto:\u00a03PDT<\/p>\n<\/div>\n<div class=\"product-detail-page-component_spec__2he5t\">\n<p class=\"snippet product-detail-page-component_label__3S-Gu\">Tipo de montaje:\u00a0Enchufable<\/p>\n<\/div>\n<div class=\"product-detail-page-component_spec__2he5t\">\n<p class=\"snippet product-detail-page-component_label__3S-Gu\">Switching Current:\u00a010.0A<\/p>\n<\/div>\n<div class=\"product-detail-page-component_spec__2he5t\">\n<p class=\"snippet product-detail-page-component_label__3S-Gu\">Tipo terminal:\u00a0Enchufable<\/p>\n<\/div>\n<div class=\"product-detail-page-component_spec__2he5t\">\n<p class=\"snippet product-detail-page-component_label__3S-Gu\">N\u00famero de Polos:\u00a03 NA<\/p>\n<\/div>\n<div class=\"product-detail-page-component_spec__2he5t\">\n<p class=\"snippet product-detail-page-component_label__3S-Gu\">Tensi\u00f3n de Conmutaci\u00f3n M\u00e1xima AC:\u00a0250V ac<\/p>\n<\/div>\n<div class=\"product-detail-page-component_spec__2he5t\">\n<p class=\"snippet product-detail-page-component_label__3S-Gu\">Tensi\u00f3n de Conmutaci\u00f3n M\u00e1xima DC:\u00a0250V dc<\/p>\n<\/div>\n<div class=\"product-detail-page-component_spec__2he5t\">\n<p class=\"snippet product-detail-page-component_label__3S-Gu\">Altura:\u00a053.3mm<\/p>\n<\/div>\n<div class=\"product-detail-page-component_spec__2he5t\">\n<p class=\"snippet product-detail-page-component_label__3S-Gu\">Longitud:\u00a034.5mm<\/p>\n<\/div>\n<div class=\"product-detail-page-component_spec__2he5t\">\n<p class=\"snippet product-detail-page-component_label__3S-Gu\">Potencia de Conmutaci\u00f3n M\u00e1xima AC:\u00a02000 (NC) VA, 2500 (NA) VA<\/p>\n<\/div>\n<div class=\"product-detail-page-component_spec__2he5t\">\n<p class=\"snippet product-detail-page-component_label__3S-Gu\">Serie:\u00a0MKS<\/p>\n<\/div>\n<div class=\"product-detail-page-component_spec__2he5t\">\n<p class=\"snippet product-detail-page-component_label__3S-Gu\">Potencia de Conmutaci\u00f3n M\u00e1xima DC:\u00a0300000 mW<\/p>\n<\/div>\n<div class=\"product-detail-page-component_spec__2he5t\">\n<p class=\"snippet product-detail-page-component_label__3S-Gu\">Profundidad:\u00a034.5mm<\/p>\n<\/div>\n<\/div>\n<p>&nbsp;<\/p>\n<p>Las im\u00e1genes y especificaciones, mostrados o contenidos en esta Web pueden estar sujetas a cambios.<\/p>\n","protected":false},"excerpt":{"rendered":"<p>C\u00f3digo IPS: 540217<\/p>\n<p>Modelo: MKS3PI-5 DC24<\/p>\n","protected":false},"featured_media":8293,"template":"","meta":{"_joinchat":[]},"product_brand":[],"product_cat":[579,576],"product_tag":[326,416,421],"class_list":{"0":"post-6718","1":"product","2":"type-product","3":"status-publish","4":"has-post-thumbnail","6":"product_cat-omron","7":"product_cat-rele-electromecanico","8":"product_tag-omron","9":"product_tag-reles","10":"product_tag-reles-omron","12":"first","13":"instock","14":"taxable","15":"shipping-taxable","16":"product-type-simple"},"_links":{"self":[{"href":"https:\/\/ipselectronica.cl\/web\/wp-json\/wp\/v2\/product\/6718","targetHints":{"allow":["GET"]}}],"collection":[{"href":"https:\/\/ipselectronica.cl\/web\/wp-json\/wp\/v2\/product"}],"about":[{"href":"https:\/\/ipselectronica.cl\/web\/wp-json\/wp\/v2\/types\/product"}],"wp:featuredmedia":[{"embeddable":true,"href":"https:\/\/ipselectronica.cl\/web\/wp-json\/wp\/v2\/media\/8293"}],"wp:attachment":[{"href":"https:\/\/ipselectronica.cl\/web\/wp-json\/wp\/v2\/media?parent=6718"}],"wp:term":[{"taxonomy":"product_brand","embeddable":true,"href":"https:\/\/ipselectronica.cl\/web\/wp-json\/wp\/v2\/product_brand?post=6718"},{"taxonomy":"product_cat","embeddable":true,"href":"https:\/\/ipselectronica.cl\/web\/wp-json\/wp\/v2\/product_cat?post=6718"},{"taxonomy":"product_tag","embeddable":true,"href":"https:\/\/ipselectronica.cl\/web\/wp-json\/wp\/v2\/product_tag?post=6718"}],"curies":[{"name":"wp","href":"https:\/\/api.w.org\/{rel}","templated":true}]}}