{"id":6528,"date":"2021-11-10T20:26:36","date_gmt":"2021-11-10T23:26:36","guid":{"rendered":"https:\/\/ipselectronica.cl\/web\/producto\/sensor-proximidad-m18-0-10cm-npn-no-s51pa2c10nk\/"},"modified":"2023-10-06T17:53:05","modified_gmt":"2023-10-06T20:53:05","slug":"sensor-proximidad-m18-0-10cm-npn-no-s51pa2c10nk","status":"publish","type":"product","link":"https:\/\/ipselectronica.cl\/web\/producto\/sensor-proximidad-m18-0-10cm-npn-no-s51pa2c10nk\/","title":{"rendered":"Sensor Proximidad M18  0-10CM. NPN NO S51PA2C10NK"},"content":{"rendered":"<div class=\"contents\">El sensor fotoel\u00e9ctrico serie S51 con una amplia gama de funciones y distancias de funcionamiento. Los sensores S51 est\u00e1n disponibles con \u00f3ptica axial o radial de 90\u00b0. En ambos casos, la cabeza \u00f3ptica y las lentes no se proyectan m\u00e1s all\u00e1 del di\u00e1metro externo de 18mm de la carcasa del sensor. El modelo de proximidad difusa tiene un rango operativo fijo de 10 cm con un amplio espectro de emisiones. Tambi\u00e9n est\u00e1 disponible una versi\u00f3n con un rango de operaci\u00f3n ajustable de 1 a 40cm. Los modelos retrorreflectantes est\u00e1ndar tienen un rango de operaci\u00f3n de hasta 4m. Los modelos retrorreflectantes polarizados, utilizados para la detecci\u00f3n confiable de objetos reflectantes, est\u00e1n equipados con un ajuste de sensibilidad y tienen un rango de operaci\u00f3n de 3.5m. Los modelos de haz pasante, utilizados para distancias de funcionamiento m\u00e1s largas, alcanzan los 18 metros. Los sensores S51 proporcionan una configuraci\u00f3n de conexi\u00f3n de 3 cables de acuerdo con la norma EN60947-5-2. La salida normalment<\/div>\n<div id=\"fnb_features\" class=\"featuresList\">\n<ul class=\"firstList\">\n<li>Emisi\u00f3n de luz de 880nm para LED infrarrojo o 650 nm para LED rojo<\/li>\n<li>Frecuencia de conmutaci\u00f3n \u2264120\/500Hz<\/li>\n<li>Tiempo de respuesta de 1\/4 ms<\/li>\n<li>Indicador LED verde para conexi\u00f3n el\u00e9ctrica o LED amarillo para salida<\/li>\n<li>Tipo de salida NPN o PNP<\/li>\n<li>Modo de operaci\u00f3n seleccionable entre luz\/oscuridad<\/li>\n<li>Conexi\u00f3n de conector M12 de 4 polos o cable de 2m y \u00f84mm<\/li>\n<li>Grado de protecci\u00f3n IP67<\/li>\n<\/ul>\n<\/div>\n<div id=\"pdpApplication\">\n<h3>Aplicaciones<\/h3>\n<p class=\"pdpApplicationList\">Instrumentaci\u00f3n y Medida, Industrial<\/p>\n<p>&nbsp;<\/p>\n<\/div>\n<p>Las im\u00e1genes y especificaciones, mostrados o contenidos en esta Web pueden estar sujetas a cambios.<\/p>\n","protected":false},"excerpt":{"rendered":"<h5><span style=\"color: #3366ff;\">C\u00f3digo IPS: 632006<\/span><\/h5>\n<p>Modelo: S51-PA-2-C10-NK<\/p>\n<p>&nbsp;<\/p>\n","protected":false},"featured_media":8430,"template":"","meta":{"_joinchat":[]},"product_brand":[],"product_cat":[344],"product_tag":[311,346,348],"class_list":{"0":"post-6528","1":"product","2":"type-product","3":"status-publish","4":"has-post-thumbnail","6":"product_cat-sensor-proximidad","7":"product_tag-datalogic","8":"product_tag-sensor-proximidad","9":"product_tag-sensor-proximidad-datalogic","11":"first","12":"instock","13":"taxable","14":"shipping-taxable","15":"product-type-simple"},"_links":{"self":[{"href":"https:\/\/ipselectronica.cl\/web\/wp-json\/wp\/v2\/product\/6528","targetHints":{"allow":["GET"]}}],"collection":[{"href":"https:\/\/ipselectronica.cl\/web\/wp-json\/wp\/v2\/product"}],"about":[{"href":"https:\/\/ipselectronica.cl\/web\/wp-json\/wp\/v2\/types\/product"}],"wp:featuredmedia":[{"embeddable":true,"href":"https:\/\/ipselectronica.cl\/web\/wp-json\/wp\/v2\/media\/8430"}],"wp:attachment":[{"href":"https:\/\/ipselectronica.cl\/web\/wp-json\/wp\/v2\/media?parent=6528"}],"wp:term":[{"taxonomy":"product_brand","embeddable":true,"href":"https:\/\/ipselectronica.cl\/web\/wp-json\/wp\/v2\/product_brand?post=6528"},{"taxonomy":"product_cat","embeddable":true,"href":"https:\/\/ipselectronica.cl\/web\/wp-json\/wp\/v2\/product_cat?post=6528"},{"taxonomy":"product_tag","embeddable":true,"href":"https:\/\/ipselectronica.cl\/web\/wp-json\/wp\/v2\/product_tag?post=6528"}],"curies":[{"name":"wp","href":"https:\/\/api.w.org\/{rel}","templated":true}]}}