{"id":11575,"date":"2024-06-28T15:19:16","date_gmt":"2024-06-28T18:19:16","guid":{"rendered":"https:\/\/ipselectronica.cl\/web\/?post_type=product&#038;p=11575"},"modified":"2024-07-01T13:16:39","modified_gmt":"2024-07-01T16:16:39","slug":"modulo-led-y-proteccion-cem-serie-90-92-94-95-96-97","status":"publish","type":"product","link":"https:\/\/ipselectronica.cl\/web\/producto\/modulo-led-y-proteccion-cem-serie-90-92-94-95-96-97\/","title":{"rendered":"M\u00f3dulo LED y protecci\u00f3n CEM Serie 90\/92\/94\/95\/96\/97"},"content":{"rendered":"<p><strong>Especificaciones<\/strong><\/p>\n<div class=\"single-data-product product\">\n<div class=\"title\">\n<ul>\n<li>Descripci\u00f3n comercial: M\u00f3dulo de se\u00f1alizaci\u00f3n y protecci\u00f3n de la bobina para las Series 90\/92\/94\/95\/96\/97<\/li>\n<\/ul>\n<\/div>\n<\/div>\n<div class=\"single-data-product product\">\n<div class=\"title\">\n<ul>\n<li>Descripci\u00f3n t\u00e9cnica: M\u00f3dulos de se\u00f1alizaci\u00f3n y protecci\u00f3n CEM Serie 90\/92\/94\/95\/96\/97, M\u00f3dulo de se\u00f1alizaci\u00f3n y protecci\u00f3n, M\u00f3dulos de se\u00f1alizaci\u00f3n y protecci\u00f3n CEM, LED indicador + diodo (polaridad est\u00e1ndar), Conforme con ATEX (Ex ec), DC, tensi\u00f3n de alimentaci\u00f3n nominal 24 V, funcionamiento &#8211; de 6 a 24 V, resistencia 19100 \u03a9 (AC) y 17300 \u03a9 (DC)<\/li>\n<\/ul>\n<\/div>\n<\/div>\n<div class=\"single-data-product product\">\n<div class=\"title\">\n<ul>\n<li>Dimensiones: 15.5x31x10.5 mm<\/li>\n<\/ul>\n<\/div>\n<\/div>\n<div class=\"single-data-product product\">\n<div class=\"title\">\n<ul>\n<li>Tipo de alimentaci\u00f3n: DC<\/li>\n<\/ul>\n<\/div>\n<\/div>\n<div class=\"single-data-product data-homologations homologations-image\">\n<div class=\"title\">\n<ul>\n<li>Homologaciones\/certificaciones (seg\u00fan tipo)<\/li>\n<\/ul>\n<\/div>\n<\/div>\n<div><\/div>\n<div><\/div>\n<div class=\"single-data-product data-homologations homologations-image\">\n<div class=\"data\">\n<div><img decoding=\"async\" class=\"\" src=\"https:\/\/cdn.findernet.com\/app\/uploads\/2020\/04\/15130944\/EAC-1.png\" alt=\"img\" width=\"43\" height=\"37\" \/> \u00a0<img decoding=\"async\" class=\"\" src=\"https:\/\/cdn.findernet.com\/app\/uploads\/2020\/04\/15131310\/cRUus.png\" alt=\"img\" width=\"85\" height=\"37\" \/> <img decoding=\"async\" class=\"\" src=\"https:\/\/cdn.findernet.com\/app\/uploads\/ukca-logo.png\" alt=\"img\" width=\"37\" height=\"37\" \/><\/div>\n<\/div>\n<\/div>\n<div><\/div>\n<div>Las im\u00e1genes y especificaciones, mostrados o contenidos en esta Web pueden estar sujetas a cambios.<\/div>\n","protected":false},"excerpt":{"rendered":"<p><span style=\"color: #3366ff;\"><strong>C\u00f3digo IPS: 549304<\/strong><\/span><\/p>\n<p>Modelo: 99.02.9.024.99<\/p>\n","protected":false},"featured_media":11577,"template":"","meta":{"_joinchat":[]},"product_brand":[],"product_cat":[580,576],"product_tag":[422,416,423],"class_list":{"0":"post-11575","1":"product","2":"type-product","3":"status-publish","4":"has-post-thumbnail","6":"product_cat-base-accesorios","7":"product_cat-rele-electromecanico","8":"product_tag-finder","9":"product_tag-reles","10":"product_tag-reles-finder","12":"first","13":"instock","14":"taxable","15":"shipping-taxable","16":"product-type-simple"},"_links":{"self":[{"href":"https:\/\/ipselectronica.cl\/web\/wp-json\/wp\/v2\/product\/11575","targetHints":{"allow":["GET"]}}],"collection":[{"href":"https:\/\/ipselectronica.cl\/web\/wp-json\/wp\/v2\/product"}],"about":[{"href":"https:\/\/ipselectronica.cl\/web\/wp-json\/wp\/v2\/types\/product"}],"wp:featuredmedia":[{"embeddable":true,"href":"https:\/\/ipselectronica.cl\/web\/wp-json\/wp\/v2\/media\/11577"}],"wp:attachment":[{"href":"https:\/\/ipselectronica.cl\/web\/wp-json\/wp\/v2\/media?parent=11575"}],"wp:term":[{"taxonomy":"product_brand","embeddable":true,"href":"https:\/\/ipselectronica.cl\/web\/wp-json\/wp\/v2\/product_brand?post=11575"},{"taxonomy":"product_cat","embeddable":true,"href":"https:\/\/ipselectronica.cl\/web\/wp-json\/wp\/v2\/product_cat?post=11575"},{"taxonomy":"product_tag","embeddable":true,"href":"https:\/\/ipselectronica.cl\/web\/wp-json\/wp\/v2\/product_tag?post=11575"}],"curies":[{"name":"wp","href":"https:\/\/api.w.org\/{rel}","templated":true}]}}