{"id":10295,"date":"2022-03-30T10:38:00","date_gmt":"2022-03-30T13:38:00","guid":{"rendered":"https:\/\/ipselectronica.cl\/web\/?post_type=product&#038;p=10295"},"modified":"2024-05-17T13:48:31","modified_gmt":"2024-05-17T16:48:31","slug":"rele-ssr-25a-monofasico-4-32vdc-90-230vac","status":"publish","type":"product","link":"https:\/\/ipselectronica.cl\/web\/producto\/rele-ssr-25a-monofasico-4-32vdc-90-230vac\/","title":{"rendered":"Rel\u00e9 SSR 25A Monof\u00e1sico 4-32VDC 90-230VAC"},"content":{"rendered":"<p>Las im\u00e1genes y especificaciones, mostrados o contenidos en esta Web pueden estar sujetas a cambios.<\/p>\n","protected":false},"excerpt":{"rendered":"<h5><span style=\"color: #3366ff;\">C\u00f3digo IPS: 541100<\/span><\/h5>\n<p>Modelo: RM1A23D25<\/p>\n<p><strong><span style=\"color: #000080;\">Stock:<\/span> <span style=\"color: #ff0000;\">Consultar<\/span><\/strong><\/p>\n","protected":false},"featured_media":10296,"template":"","meta":{"_joinchat":[]},"product_brand":[],"product_cat":[583,563],"product_tag":[322,416,418],"class_list":{"0":"post-10295","1":"product","2":"type-product","3":"status-publish","4":"has-post-thumbnail","6":"product_cat-carlo-gavazzi-rele-ssr","7":"product_cat-rele-ssr","8":"product_tag-carlo-gavazzi","9":"product_tag-reles","10":"product_tag-reles-carlo-gavazzi","12":"first","13":"instock","14":"taxable","15":"shipping-taxable","16":"product-type-simple"},"_links":{"self":[{"href":"https:\/\/ipselectronica.cl\/web\/wp-json\/wp\/v2\/product\/10295","targetHints":{"allow":["GET"]}}],"collection":[{"href":"https:\/\/ipselectronica.cl\/web\/wp-json\/wp\/v2\/product"}],"about":[{"href":"https:\/\/ipselectronica.cl\/web\/wp-json\/wp\/v2\/types\/product"}],"wp:featuredmedia":[{"embeddable":true,"href":"https:\/\/ipselectronica.cl\/web\/wp-json\/wp\/v2\/media\/10296"}],"wp:attachment":[{"href":"https:\/\/ipselectronica.cl\/web\/wp-json\/wp\/v2\/media?parent=10295"}],"wp:term":[{"taxonomy":"product_brand","embeddable":true,"href":"https:\/\/ipselectronica.cl\/web\/wp-json\/wp\/v2\/product_brand?post=10295"},{"taxonomy":"product_cat","embeddable":true,"href":"https:\/\/ipselectronica.cl\/web\/wp-json\/wp\/v2\/product_cat?post=10295"},{"taxonomy":"product_tag","embeddable":true,"href":"https:\/\/ipselectronica.cl\/web\/wp-json\/wp\/v2\/product_tag?post=10295"}],"curies":[{"name":"wp","href":"https:\/\/api.w.org\/{rel}","templated":true}]}}